{"id":43,"date":"2025-02-24T15:43:30","date_gmt":"2025-02-24T14:43:30","guid":{"rendered":"https:\/\/tsv-frickenhausen-main.de\/?page_id=43"},"modified":"2026-03-09T09:27:09","modified_gmt":"2026-03-09T08:27:09","slug":"impressum","status":"publish","type":"page","link":"https:\/\/tsv-frickenhausen-main.de\/?page_id=43","title":{"rendered":"Impressum"},"content":{"rendered":"<p>TSV Frickenhausen 1901 e.V.<br \/>\nvertr. d. d. 1. Vorsitzenden<br \/>\nHelmut Wittiger<br \/>\nHahnsteig 22<\/p>\n<p>97252 Frickenhausen<br \/>\nTelefon: 09331 1601<\/p>\n<p>E-Mail:\u00a0helmut.wittiger@t-online.de<br \/>\nInternet: https:\/\/tsv-frickenhausen-main.de<\/p>\n<p>Inhaltlich Verantwortlicher gem\u00e4\u00df \u00a7 10 Absatz 3<br \/>\nMDStV: Helmut Wittiger (Anschrift wie oben)<br \/>\nHaftungshinweis: Trotz sorgf\u00e4ltiger inhaltlicher<br \/>\nKontrolle \u00fcbernehme ich keine Haftung f\u00fcr die<br \/>\nInhalte externer Links. F\u00fcr den Inhalt der verlinkten<br \/>\nSeiten sind ausschlie\u00dflich deren Betreiber verantwortlich<\/p>\n","protected":false},"excerpt":{"rendered":"<p>TSV Frickenhausen 1901 e.V. vertr. d. d. 1. Vorsitzenden Helmut Wittiger Hahnsteig 22 97252 Frickenhausen Telefon: 09331 1601 E-Mail:\u00a0helmut.wittiger@t-online.de Internet: https:\/\/tsv-frickenhausen-main.de Inhaltlich Verantwortlicher gem\u00e4\u00df \u00a7 10 Absatz 3 MDStV: Helmut Wittiger (Anschrift wie oben) Haftungshinweis: Trotz sorgf\u00e4ltiger inhaltlicher Kontrolle \u00fcbernehme ich keine Haftung f\u00fcr die Inhalte externer Links. F\u00fcr den Inhalt der verlinkten Seiten sind [&hellip;]<\/p>\n","protected":false},"author":1,"featured_media":0,"parent":0,"menu_order":0,"comment_status":"closed","ping_status":"closed","template":"","meta":{"footnotes":""},"class_list":["post-43","page","type-page","status-publish","hentry"],"_links":{"self":[{"href":"https:\/\/tsv-frickenhausen-main.de\/index.php?rest_route=\/wp\/v2\/pages\/43","targetHints":{"allow":["GET"]}}],"collection":[{"href":"https:\/\/tsv-frickenhausen-main.de\/index.php?rest_route=\/wp\/v2\/pages"}],"about":[{"href":"https:\/\/tsv-frickenhausen-main.de\/index.php?rest_route=\/wp\/v2\/types\/page"}],"author":[{"embeddable":true,"href":"https:\/\/tsv-frickenhausen-main.de\/index.php?rest_route=\/wp\/v2\/users\/1"}],"replies":[{"embeddable":true,"href":"https:\/\/tsv-frickenhausen-main.de\/index.php?rest_route=%2Fwp%2Fv2%2Fcomments&post=43"}],"version-history":[{"count":4,"href":"https:\/\/tsv-frickenhausen-main.de\/index.php?rest_route=\/wp\/v2\/pages\/43\/revisions"}],"predecessor-version":[{"id":189,"href":"https:\/\/tsv-frickenhausen-main.de\/index.php?rest_route=\/wp\/v2\/pages\/43\/revisions\/189"}],"wp:attachment":[{"href":"https:\/\/tsv-frickenhausen-main.de\/index.php?rest_route=%2Fwp%2Fv2%2Fmedia&parent=43"}],"curies":[{"name":"wp","href":"https:\/\/api.w.org\/{rel}","templated":true}]}}